5*y + 31. Let u(p) = 897*p + 21. Let l(k) = 5*q(k) - 8*u(k). Is l(-2) a composite number?
True
Suppose -23*r = -3*r - 4700. Is r composite?
True
Let l(v) = -2*v**2 + 6*v - 1. Let q(h) = h**2 - h. Let g(a) = l(a) + 4*q(a). Let p be g(-4). Is -2 - (p*-18 - -3) a composite number?
False
Suppose -49 = -3*i + 29. Let y(s) = s**3 - 23*s**2 - 62*s - 3. Is y(i) prime?
False
Let r = 12 - 10. Suppose -r - 34 = -3*x. Let l(z) = z**2 + 2*z - 11. Is l(x) prime?
True
Let a(z) = -z**2 - 2*z - 6. Let v be a(-4). Let u = 4 - v. Is -1*15*(-762)/u prime?
False
Let y(v) = -249*v - 22. Is y(-7) a composite number?
False
Is 47889*8/8 - 2 prime?
False
Let w = 2243 - -7386. Is w prime?
True
Suppose 2*h - 4*h = -8. Suppose 2*u + t - 2941 = 0, -h*u + 2*t + 7375 = u. Suppose 8*c - 5*c - u = 0. Is c composite?
False
Let y be 2 - -1*3/(-3). Let s be 9 + -45 - (y - -2). Is (-8 + s)/(0 - 1) a composite number?
False
Suppose 269066 = 8*b - 132590. Is b prime?
True
Let j(m) = m**2 + 6*m + 9. Let f be j(-5). Suppose 3*b + 3 = 0, -184 = -z - f*b + b. Is z prime?
False
Suppose 0 = 5*h - 10*h - 2*y + 64197, 0 = 2*h - 4*y - 25698. Is h a prime number?
True
Let b = 37278 - 18251. Is b composite?
True
Let w(l) = -850*l + 14. Let r be w(-4). Is (-5)/15 - r/(-9) a prime number?
True
Is 2/3 + 590/(-90)*-2139 composite?
True
Let d = -49 - -57. Suppose 12*x - d*x - 6764 = 0. Is x a prime number?
False
Suppose 79*i - 130595 = 15318. Is i composite?
False
Let v(u) = u**2 - 2*u + 2. Let b be v(2). Suppose -b*x = 3*x. Suppose -5*h = 5*d - 8815, x*h + 8787 = 5*d - 2*h. Is d prime?
True
Let z = 1662 + 421. Let o = -1625 - z. Is (-2)/(-10) + o/(-10) a prime number?
False
Let k be (14/(-4))/(-7)*6. Suppose 5*w - 20 = k*s, -w - 4*s + 12 = 2*w. Suppose w*f = 1588 - 248. Is f a prime number?
False
Let g(u) = -415*u + 18. Is g(-11) prime?
True
Let m = -3257 - -5034. Is m composite?
False
Suppose 4*x + 26716 = 8*x. Is x a prime number?
True
Let r(v) = v**3 - v**2 - v. Let o be r(2). Let h(y) = 104*y**o + 8*y**2 - 3 - 3*y + y. Is h(-2) composite?
False
Suppose 29 = i + 2*b - 3*b, 3*i - 4*b = 82. Suppose 2*z + 3*o + 23 = 0, -5*z = -o + 49 + i. Is z/(-8) - (-539 + 0) a composite number?
False
Suppose 3*f - 7*f + 396 = 0. Suppose -f = -2*h + 139. Is h composite?
True
Let i = -31 - -32. Suppose -g + 1 = r, 2*r - i = -3*g - 2*r. Suppose g*k - 236 = -k. Is k a composite number?
False
Let b(s) = -s**2 - 13*s + 20. Let u be b(-14). Suppose 8*t = u*t + 974. Is t composite?
False
Let q(n) = -50*n + 12. Let f be q(-4). Suppose s + 85 = f. Is s a prime number?
True
Suppose d = 4 - 2. Suppose -d*g = g - 2103. Is g a composite number?
False
Suppose 18*u + 5940 = 23*u. Let d = -809 + u. Is d a composite number?
False
Let w(i) = -7 + 2 - 26*i - 24*i - 22*i. Is w(-2) prime?
True
Is (-24627)/2*18/(-27) a prime number?
True
Let f be (142/3)/((-3)/(-18)). Suppose -80 = 4*y - 2*p - f, 69 = y - 5*p. Suppose 600 - y = q - 5*m, 4*m + 8 = 0. Is q a composite number?
False
Let j = -980 - -6985. Is j a composite number?
True
Suppose 34*i + 346561 = 39*i + a, 0 = 4*a + 16. Is i a composite number?
False
Let u = 248 + 1954. Let p = -1501 + u. Is p composite?
False
Let s be 0 - (2/9 - 282/54). Suppose -3*a + 3*u = u - 377, -u + 637 = s*a. Is a prime?
True
Let g = 8554 + -3683. Is g composite?
False
Let g = 24848 + -16717. Is g a composite number?
True
Let l(z) = 27*z + 1. Let g(w) = w - 1. Let h be g(-4). Let v be l(h). Let i = v + 192. Is i composite?
True
Suppose -4*x + 18099 + 4265 = 0. Is x prime?
True
Let b(y) = -431*y + 50. Is b(-7) a prime number?
True
Let g = 8482 - 3834. Suppose 2*h - g = 2*q, -q - 6138 = -4*h + 3149. Is h prime?
False
Suppose 4*q = 12179 - 363. Suppose -t + 879 + q = 0. Is t a composite number?
False
Suppose 0 = g - 3*g - 4*u - 12, -2*g = -2*u - 12. Is (-1 + 20)*(-1 + g) composite?
False
Let g be ((-1)/((-1)/1))/1. Is g/2 + (-153)/(-2) prime?
False
Let z = 595 + 4728. Is z prime?
True
Suppose 0 = -3*q + 4*q - 5. Is (q - 4)*(271 + -2) a composite number?
False
Suppose -5*z + 16 = -3*z. Suppose -z*c = -10*c + 102. Is c a prime number?
False
Let w(a) = -5 + 1 - 2 - 3 + 2 + 10*a. Let l(m) = m**2 + 5*m + 6. Let q be l(-5). Is w(q) prime?
True
Suppose 0 = -41*f + 239702 + 102689. Is f a composite number?
True
Let a(p) = -5*p**3 + p**2 + 2*p + 1. Suppose 5*u + 5 = -0*u. Let w be a(u). Suppose w*r + 503 = 3*g - 225, 5*r = 2*g - 477. Is g a composite number?
False
Let b(t) = -t**3 + 7*t**2 + 33*t - 13. Is b(-8) composite?
False
Suppose -16*d + 10*d = 20700. Let l = -2423 - d. Is l a composite number?
True
Let z = 2 - 17. Let b = -15 - z. Suppose -407 = -b*j - j. Is j prime?
False
Let t be (-4 + -2 + 5)*-3. Suppose 8 = -0*f - 3*f + l, -4*f = -t*l + 14. Is f/(-4) + 458/4 composite?
True
Let z(p) = 12*p + 5. Let o(g) = 6*g + 2. Let h(t) = 9*o(t) - 4*z(t). Is h(18) prime?
False
Let t(z) = z**3 + 15*z**2 - 14*z + 5. Is t(-14) prime?
True
Suppose 4*l = -b + 109773, -13*b + 12*b + 1 = 0. Is l prime?
False
Let v = 14 + -14. Suppose -2*l = -3*k - 757, l + v*k + k = 371. Suppose 941 = 5*z - l. Is z a composite number?
False
Suppose 5*c = -2 + 17. Suppose -813 - 777 = -c*x. Suppose -3*k = -k - x. Is k prime?
False
Suppose -4*z = 5 - 13. Suppose o + 1 = 5. Suppose 5*c - 3*l - 501 = 113, o*c + z*l - 478 = 0. Is c a prime number?
False
Suppose -393*x - 9503 = -406*x. Is x composite?
True
Suppose 28*u - 31*u = -1146. Suppose 0 = 3*d - u - 89. Is d a prime number?
True
Suppose 0 = -3*y - g + 28321, 6*g - 37760 = -4*y + 5*g. Is y a composite number?
False
Let z = 28 + 14. Let a = 13 + z. Is a a composite number?
True
Let v = -25 - -29. Suppose j - 3*c - 882 = 0, -j - v*c - c + 914 = 0. Suppose -22*f + j = -20*f. Is f a prime number?
False
Let w = 138003 + -82484. Is w prime?
False
Let p be 2/7 - (-42988)/(-77). Let r = p - -847. Let k = 512 - r. Is k composite?
False
Let g = -1371 + 805. Let u = g - -905. Is u composite?
True
Suppose 13052 = -20*f + 22*f + 5*m, -4*m - 26076 = -4*f. Is f a composite number?
False
Let n(k) = k**3 - 7*k**2 + 5*k - 1. Let p be n(6). Let i(r) = r**3 + 7*r**2 - 5*r - 1. Let h be i(p). Suppose 5*d - 156 = h. Is d a prime number?
False
Suppose 3*s = 2*s. Suppose -2 = -s*d - d. Is ((-235)/(-20))/(d/16) a prime number?
False
Suppose 3*s + 4*w = -48 - 1, -s = -3*w - 1. Let k = 13 + s. Is (-1915)/(-15) - k/3 a prime number?
True
Let u = -6879 - -19022. Is u composite?
False
Let m = 47 - 45. Suppose -90 = -m*o + 8. Is o composite?
True
Is ((-371215)/26)/((-2)/4) a composite number?
True
Suppose 4*w + 3*k = 415, -5*w - 4*k - 118 = -6*w. Is (4 + (-20)/8)*1*w prime?
False
Suppose 41 + 44 = -f. Is (-1)/(-1) - (f - 3) a prime number?
True
Let g = 374 - 264. Suppose -996 = -14*r + g. Is r a composite number?
False
Let t(x) = 4*x - 2*x**2 + 13*x**2 + 0*x - 13. Let d(z) = -z**2 - z + 10. Let u be d(-3). Is t(u) a composite number?
False
Let n = 1 + 1. Let j be 2/((-4)/(-3))*n. Suppose j*y - 1140 = v, -5*y + 482 = -3*v - 1422. Is y composite?
False
Is 147818/44 + 4/(-8) prime?
True
Suppose -7*x + 6*x + 64 = 0. Suppose n - 551 = -4*i - x, 2*n - 2*i = 954. Is n prime?
True
Suppose -2*q = f - 7*q - 3, -3*q = 0. Suppose 2*u - 1249 = -3*u - f*d, -4*u = d - 1002. Is u prime?
True
Let b = 24 - 22. Is ((-1058)/(-69))/(b/159) a prime number?
False
Suppose -2*k = -4*g + 2320, -4*g + 8*g = -3*k + 2320. Let p = g - -99. Is p a prime number?
False
Let v(d) = 24*d**2 + d - 4. Let u be v(-11). Suppose 3*m - 534 - u = 0. Is m a composite number?
True
Let m(o) = o**3 - 20*o**2 + 18*o. Let z be m(19). Let y = z + 22. Suppose -y*w + 81 = -120. Is w prime?
True
Suppose 0 = 16*w - 6906 - 86486. Is w prime?
False
Suppose k = -0*k - 5*c + 5121, -2*k + 10228 = 3*c. Is k composite?
True
Is -11 + (10 - -87047) + 13 a composite number?
True
Let n(t) = 4323*t**2 - 42*t - 132. Is n(-3) composite?
True
Let j be ((-1778)/(-4))/((-32)/(-64)). Suppose -138 = 5*q + 4*o - 4565, -q + o + j = 0. Is q a composite number?
False
Suppose -z - 18 = 18. Let f = -16 - z. Suppose 0 = -2*p + 10 + f. Is p a composite number?
True
Suppose 2*o - 4*i = 2672, 4*o + 2717 = 6*o + 5*i. Is o prime?
False
Let p = -351 + 614. Let a = p + -136. Is a a composite number?
False
Suppose 2*k - 6020 = 3*n, 3*k - 385 - 8638 = n. Is k a composite number?
True
Let i = -3378 - -5